 -16 + 33. What are the prime factors of s?
17
Let v(t) be the third derivative of t**4/24 + 2*t**3/3 + 20*t**2. Suppose -5*z - 4*c = -47, -5 = 4*z + 3*c - 43. What are the prime factors of v(z)?
3, 5
Let z be 50*(-1 - 14/(-10)). Suppose 3*f = 7*f - z, -3*l - 3*f + 33 = 0. What are the prime factors of l?
2, 3
Let l = 3 - -4. Suppose 2*j - 2 = 2*v + j, -5*v = -3*j + l. What are the prime factors of 1/v*(-12)/(-1)?
2, 3
Let h be (3/(-2))/((-3)/6). Let x(q) = -3*q**3 + 5*q**3 - 3*q**3 + 3*q**2 - 4 + 4*q. What are the prime factors of x(h)?
2
Suppose 2*l - 20 = -5*f, f = l - 4*f + 20. Suppose 3*d - 3 = -l*d. Suppose i + 5*b = 1 + 8, 0 = -b - d. List the prime factors of i.
2, 7
Suppose 5*a - 8 = 4*x + 5, 0 = 2*a + 2*x - 16. What are the prime factors of a?
5
List the prime factors of (-2)/16*-4*22.
11
Let y = -6 - -11. Suppose -8 = y*x - 3. What are the prime factors of 2/((-4)/(-6)) - x?
2
Let d(t) = -6*t**2 - 9. Let k(s) = -5*s**2 + s - 8. Let l(y) = -4*d(y) + 5*k(y). Let m be l(4). Let u = 15 - m. List the prime factors of u.
3, 5
Let a(n) = n**3 - n**2 + n + 1. Let q = -9 + 13. Let c = 6 - q. List the prime factors of a(c).
7
Let v be (-15)/(-12)*1*4. Let t = v - 1. Suppose -3*x + 0 = t*o - 27, 5*x - 37 = -4*o. What are the prime factors of o?
3
Suppose -q = 1, -t - 4*q - 39 = -6*t. Let i(o) = -o**2 + 6*o + 9. Let s be i(t). Suppose -46 = s*u - 6*u - 5*l, 2*l = 3*u - 46. What are the prime factors of u?
2, 7
Let c be (4/6)/(-1)*-21. Let i = 17 - c. What are the prime factors of i?
3
Let b be 3/2*(-2 + 0). Let v be (-1)/b + (-20)/(-3). Suppose -k + v + 5 = 0. List the prime factors of k.
2, 3
Let s(d) = 26*d - 18. What are the prime factors of s(8)?
2, 5, 19
Suppose -p - 1 - 3 = 0. Let f = 27 + p. What are the prime factors of f?
23
Suppose 0 = -4*f - 2*d + 388, 0 = -4*f - 4*d + 405 - 21. Suppose 4*o + f = -6. List the prime factors of -1 - 2/(4/o).
2, 3
Let p(z) = z**2 - 1. Let s(t) = -2*t + 2. Let i(f) = p(f) + s(f). Let x be i(1). Suppose -2 = -5*r + 2*q, x = -3*q + 17 - 5. What are the prime factors of r?
2
Let h(s) = -4*s**2 + 1. Let a be h(1). Let f(t) = t**3 + 8*t**2 + 3*t - 4. List the prime factors of f(a).
2
Suppose -m + 4*j + 8 = 0, 2*m + 1 = 4*j + 9. Suppose -2*i - 2*i = m. Suppose i*a = 2*a - 14. List the prime factors of a.
7
Let c = 29 - 12. What are the prime factors of c?
17
Suppose 0 = -9*l + 4*l + 325. List the prime factors of l.
5, 13
Suppose 4*y + 16 = -28. Let d(c) = -c**3 - 11*c**2 - 2*c - 3. List the prime factors of d(y).
19
Suppose j - 26 = 5*k - k, 4*j = -k + 19. Let v be 3/(-5) + 48/(-20). Let a = j + v. List the prime factors of a.
3
Let o = -38 - -84. Suppose -5*c - 4*g + o = -28, 3*c = -5*g + 47. What are the prime factors of c?
2, 7
Let i(q) = -64 + 53 - 3*q**3 - 8*q**2 + 2*q + 4*q**3. Suppose l = -l + 16. What are the prime factors of i(l)?
5
Suppose -4*k + 291 = -3*i, 3*k + i = -i + 231. List the prime factors of k.
3, 5
Let w(n) = 6*n - 2. What are the prime factors of w(6)?
2, 17
Suppose 148 = 3*z + 13. List the prime factors of z.
3, 5
Let w(u) = -u**3 - 9*u**2 + 9*u - 3. Let x be w(-10). Let z = x + 3. What are the prime factors of z?
2, 5
Suppose 8*x - 12 = 5*x. Suppose -2*n + x = -16. Let y = 17 - n. List the prime factors of y.
7
What are the prime factors of 1/4 - (-62)/8?
2
Suppose f - 3*r + 4*r - 56 = 0, 3*f - 3*r = 156. List the prime factors of f.
2, 3
Let l = -15 + 61. What are the prime factors of l?
2, 23
Suppose -26 + 6 = -4*r. Let w(s) = 2*s + 10. Let u(m) = m + 10. Let b(h) = 3*u(h) - 2*w(h). What are the prime factors of b(r)?
5
Suppose -3*r + 5*s = -8*r - 60, 2*r + s + 19 = 0. Let f = r - -14. Suppose -4 = -x + f. List the prime factors of x.
11
Suppose 2*g - 5*o - 51 = -9, -4*o = -2*g + 46. What are the prime factors of g?
31
Suppose 5*t - 4*m = 408, 3*t - 4*t - 2*m = -90. Suppose -4*n + 2*a = -92 - t, -a - 178 = -4*n. List the prime factors of n.
3, 5
Let n(x) = 1 + 12*x**3 - 2*x - 2*x**2 - 19*x**3 + 6*x**3. List the prime factors of n(-2).
5
Suppose 4*g - 14 = 30. Suppose 5*s - 3*x = 92, 4*x = -2*s + 53 - g. What are the prime factors of s?
19
Let z = 18 - 15. Suppose z*q = 4*q - 3*f - 36, -4*f = -5*q + 180. What are the prime factors of q?
2, 3
Suppose -3*z + 2*k + 368 = 0, 3*z - 568 = 3*k - 205. What are the prime factors of z?
2, 3, 7
Let r(j) = j + 7. Let s be r(9). Suppose -2 = c - s. What are the prime factors of c?
2, 7
Suppose 13*t + 3*t - 4048 = 0. What are the prime factors of t?
11, 23
Let k be ((-3)/(-2))/(15/(-260)). Let b = 49 + k. What are the prime factors of b?
23
Let q(s) = s - 5. Suppose 0 = 3*c - c - 4, -4*o - 4*c + 44 = 0. What are the prime factors of q(o)?
2
Suppose -7*v + 1617 = -0*v. What are the prime factors of v?
3, 7, 11
Let a(h) = h - h**2 + 2 - 2*h - 4*h. Let o be a(-5). What are the prime factors of (o/3)/((-2)/(-30))?
2, 5
Let d = -401 + 585. List the prime factors of d.
2, 23
Suppose -a - 2*h - 7 = -0*a, -2*a - 6 = 2*h. Let z be 11/3 + a/3. Suppose -4*d = z*s - 4, 0 = 4*s - 9*d + 4*d - 13. What are the prime factors of s?
2
Let b be 6/(0 + 4/(-6)). Let a(p) = p + 11. Let z be a(-8). Let g = z - b. What are the prime factors of g?
2, 3
Suppose 5*d - 54 - 106 = 0. List the prime factors of d.
2
Let z(j) = j**3 - j**2 - 2*j + 3. Let u be z(2). What are the prime factors of (2 - u)*-1*4?
2
Let t(i) = -108*i**3 + i**2 - i - 1. List the prime factors of t(-1).
109
Suppose 0 = -5*l + 2*l. Let y = -20 + 28. Let c = l + y. What are the prime factors of c?
2
Suppose -73 = -0*d - 3*d + 5*i, -d = 4*i - 47. List the prime factors of d.
31
List the prime factors of (-16)/28 - (-3384)/42.
2, 5
Suppose -2*t + 152 = 3*f, -3*t + 3*f = 30 - 258. What are the prime factors of t?
2, 19
Suppose 0 = 2*c + 3*c - r - 5, 0 = -5*c - r + 15. What are the prime factors of c + 5 - 0/2?
7
Suppose -4*s = s + c - 253, -c - 155 = -3*s. What are the prime factors of s?
3, 17
Suppose 0*w - w - 62 = 0. Let o = -35 - w. What are the prime factors of o?
3
Suppose 3*x = -2*w - 84, 4*w + 188 = x + 3*x. Let r = -7 - w. What are the prime factors of r?
2, 19
Suppose -15*d - 30 = -10*d. List the prime factors of 168/16*(-28)/d.
7
List the prime factors of 6*1/2*(-382)/(-6).
191
List the prime factors of 3*32 + 2 - (-4)/(-1).
2, 47
Let y be ((-12)/1)/(0 - 1). Suppose 24 = 2*a - y. What are the prime factors of a?
2, 3
List the prime factors of (-5 - 0)*-1 - -68.
73
Let d(q) = 64*q + 2. Let l be d(1). What are the prime factors of (-2)/(4 - l/16)?
2
Suppose 4*o - 2*o - 68 = 0. What are the prime factors of o?
2, 17
Suppose 0 = p + p + 5*w - 297, -2*w - 10 = 0. What are the prime factors of p?
7, 23
Let o(f) = -24*f**2 + 6*f + 1. Let g(v) = -16*v**2 + 4*v + 1. Let i(a) = -8*g(a) + 5*o(a). What are the prime factors of i(-2)?
3, 11
Let j = 32 - 16. Suppose 5*p + 16 = r - 8, p = -5*r + j. List the prime factors of r.
2
Let n be 2/(-2) - -3 - 10. What are the prime factors of (-86)/n + 6/(-8)?
2, 5
Let p = -21 + 37. List the prime factors of p.
2
Suppose 0 = -3*o + 17 - 2. List the prime factors of o.
5
Let a be 2/7 - (-878)/14. Suppose 4*v = 5*v - 49. Suppose -5*r + v = -3*d, -3*r - 2*r - 4*d + a = 0. What are the prime factors of r?
11
Let w(g) = -11*g - 61. List the prime factors of w(-18).
137
Let q(u) = u**3 - 14*u**2 - 6*u + 11. What are the prime factors of q(15)?
2, 73
Let w be (236/6)/((-2)/(-3)). Suppose 5*j + w = -11. Let r = j - -20. What are the prime factors of r?
2, 3
Suppose -3*t = 3*j - 42 - 18, 2*t - j - 43 = 0. List the prime factors of t.
3, 7
Let v(f) = -f**2 - 8*f - 5. Let w = 12 + -19. Let x be v(w). What are the prime factors of 25/3 + x/3?
3
Suppose 4*b - 1060 = -2*s, -2*s = -2*b - 4*s + 534. List the prime factors of b.
263
Let c = -18 + 32. What are the prime factors of c?
2, 7
Let f be (2 + 3)/1 - 1. Suppose -6 - 18 = -f*c. List the prime factors of c.
2, 3
Let x = -80 + 128. List the prime factors of x.
2, 3
Let b = -8 - -13. Suppose b*c + j = 80, 37 = c - 5*j + j. What are the prime factors of c?
17
Suppose -26*y = -19*y - 1463. List the prime factors of y.
11, 19
Suppose 5*p + 5 = 2*h - 37, 3*p = -5*h + 105. What are the prime factors of h?
3, 7
List the prime factors of (3/4)/((-23)/(-1564)).
3, 17
Suppose 5*q - 2*q - 3*r = 180, -100 = -2*q - 2*r. List the prime fac